 = 170. What is n(y)?
5
Suppose 44 = 4*s - 143*u + 147*u, u - 2 = 2*s. Let z(m) be the first derivative of 3*m - 2/3*m**s + 38 - 3/2*m**2. Determine z(-3).
-6
Suppose 5*b - 38 = q - 17, 4*q - b + 8 = 0. Suppose 7*h = 2*h + 5*o + 40, 0 = 5*h - 3*o - 30. Let i(x) = -2*x - 47*x**2 + h*x + 1 + 31*x**2. Calculate i(q).
-16
Let d(v) be the third derivative of -39*v**2 + 1/120*v**6 - 1/2*v**3 + 0 + 0*v**4 - 7/60*v**5 + 2*v. What is d(7)?
-3
Let q(s) = s**2 - 6*s + 5. Let o = -60 - -70. Suppose -o*h - 5 = -5. Suppose 0 = -h*m - m + 5. What is q(m)?
0
Suppose -25 - 50 = 21*z - 12. Let u(h) be the second derivative of h**4/12 + h**3/6 + h**2/2 + 5*h. Determine u(z).
7
Let a(b) be the second derivative of -b**6/360 - b**5/15 - b**4/12 + 19*b**3/6 - b**2 - 2*b + 80. Let z(u) be the second derivative of a(u). Give z(-8).
-2
Let h(l) = -l + 6. Suppose -c = -2*t - 6, -c = t - 4*t - 5. Suppose 18 = -10*p + c*p. What is h(p)?
15
Let i(d) be the second derivative of -d**6/180 - d**5/40 + d**4/24 + 4*d**3 - d**2/2 + 8*d. Let p(a) be the second derivative of i(a). Give p(2).
-13
Let q(h) = 12*h + 12. Suppose 0 = 2*p - 31 + 41. Let m(l) = -17*l - 17. Let j(u) = p*m(u) - 7*q(u). Determine j(4).
5
Let p(d) = 3 + 9 - 23*d**2 + 24*d**2 + 10*d. Let l(s) = s**2 + 6*s - 1. Let v be l(4). Let g be 14/(-91) + (-345)/v. Calculate p(g).
3
Let h(d) = -d**3 + 17*d**2 - 20*d + 336. Let w be h(17). Let g(j) = -2*j**2 - 10*j - 4. Determine g(w).
4
Let d(z) = -z + 204. Let j(u) = -3*u + 420. Let a(b) = -2*d(b) + j(b). Give a(3).
9
Let p(q) be the third derivative of -q**5/60 - q**4/4 - q**3 - 14*q**2 - 6*q - 11. Let j(s) = -s**2 - 4*s + 7. Let g be j(-6). Determine p(g).
-1
Let n(c) = 16*c + 13. Let v(r) = -13*r - 12. Let g(k) = -6*n(k) - 7*v(k). Let a(y) = 15*y - 20. Let d(u) = -2*a(u) - 7*g(u). What is d(-6)?
-32
Let y(k) = -k + 33. Suppose -12*c = 4*c - 240. Determine y(c).
18
Let z(c) = 2*c**3 + c**2 - 14*c + 3. Let n(m) = m**3 + 4*m**2 - 104*m - 492. Let t be n(-5). What is z(t)?
24
Let w(t) = t**3 - t. Let l(j) = 3*j**3 - 2*j**2 - 10*j + 21. Let c(y) = l(y) - 2*w(y). Let x be c(3). Let p(g) = -4*g + 4. Calculate p(x).
-20
Let f(y) = 1 - 2*y**3 + 2 - 3*y**3 - 4*y + 6*y**2 + 4*y**3 + 0*y**3. Suppose 18*n - 23*n = -20. Give f(n).
19
Suppose 3*a + 11 = -4*h + 4, 0 = 2*h - 4. Let q(d) = -22*d**3 + 38*d**2 - 119*d + 1. Let r(x) = -x**3 + 2*x**2 - 6*x. Let l(w) = q(w) - 21*r(w). Calculate l(a).
-9
Let j(u) be the first derivative of 1 + u**2 + 46*u - 49 - 45*u. Calculate j(-1).
-1
Let o be 16/6 - 152/228. Let h(c) = -86 + c**3 + 88 - o*c**2 + 7*c**2. Give h(-5).
2
Let u(y) be the first derivative of 5*y**2/2 - 50*y - 5655. What is u(12)?
10
Let g(i) = 2*i**3 + 5*i**2 - 3*i + 4. Let a(c) = -3 + 3*c**3 + 6 + 14*c - 2*c - 12*c - 4*c + 5*c**2. Let w = 0 - -3. Let k(r) = w*a(r) - 4*g(r). Give k(5).
-7
Let m(u) = -u**3 + 32*u**2 - 88*u + 29. Let g be m(29). Suppose g = y + 3*l - 25, -4*y - 64 = -8*y - 3*l. Let t(q) = -2*q + 10. What is t(y)?
-16
Let t be (10 + (-40)/5)/(2/15). Let l(m) = 41 - 37 - t - m. Calculate l(0).
-11
Let n = 9 + -18. Let p(d) = -3*d**2 + 18*d - 5. Let t be -1 + (5 - 6) + 1 + -7. Let g(i) = -5*i**2 + 27*i - 8. Let b(c) = t*p(c) + 5*g(c). Give b(n).
0
Let a(m) = -3*m + 3. Let l be (6/(-9))/(((-16)/54)/4). Let k be (-30)/l*((-14)/4 - 4). Suppose v + k = 3*d + 3*v, 0 = -3*d - v + 20. Determine a(d).
-12
Suppose -981*u = -899*u - 656. Let s(g) = -g**3 + 8*g**2 + 7*g - 52. What is s(u)?
4
Suppose 5*o - 498 = -3*w, -4*o + 400 - 68 = 2*w. Let u = w + -170. Let d(f) = -3*f - 10. Determine d(u).
2
Let g(v) be the first derivative of v**4/4 + 31*v**3/3 - 15*v**2 + 55*v - 22. Let q be g(-32). Let l(b) = -b - 8. Give l(q).
1
Let i(f) be the second derivative of 3*f**3/2 - 21*f**2/2 - 10444*f. Calculate i(6).
33
Let m(z) = -42*z + 25. Let w(a) = -44*a + 21. Let f(k) = 4*m(k) - 5*w(k). Determine f(-2).
-109
Let j(m) = 3*m**3 - 2*m**3 + 2 + 0*m**3 + 4*m - 5*m**2 - 3*m. Suppose -5*v + 5 = -4*v. Calculate j(v).
7
Let c(x) = 8*x + 20. Suppose 5*w - 57 = z, -5*z = w + 57 + 46. Determine c(z).
-156
Let z(s) = -5*s**3 - 4*s**2 + 67. Let x(k) = -2*k**3 - k**2 + 24. Let b(y) = -8*x(y) + 3*z(y). Determine b(3).
0
Let b(v) = 17 - 40*v - 40*v + 94*v + v**2. Let u = -1333 - -1321. Calculate b(u).
-7
Let z be (-40)/(-4)*(-2)/(-4). Let b(v) be the third derivative of -69 - 1/6*v**3 + v**2 - 1/24*v**4 + 0*v. Give b(z).
-6
Let q(h) be the third derivative of -22*h**2 + 0*h + 0 - 1/6*h**3 - 7/24*h**4. Give q(1).
-8
Let s(o) be the third derivative of -1/6*o**3 + 0*o + 110*o**2 + 0 + 1/24*o**4. Let u be (-1 + (-9)/(-4))*4. Give s(u).
4
Let x(g) be the second derivative of g**4/12 - g**2 - 4*g. Let a be (-13)/(8 + -9) - (15 - 6). Determine x(a).
14
Let d(h) = h**3 - 2*h**2 - h - 2. Let v = 64 - 62. Suppose -4*s + 18 = -2*u, 0*u - v*u - 3 = s. Suppose s*a = 4*a - 3. What is d(a)?
4
Let c(v) = -20*v - 32. Let d(z) = 16*z + 31. Let u(w) = 5*c(w) + 6*d(w). Determine u(5).
6
Let d(x) = -8*x**3 + 3*x**2 + 2*x - 2. Suppose 20 = 3083*n - 3093*n. Calculate d(n).
70
Let o(f) = -f**2 + 25*f - 83. Let y = -2378 - -2398. What is o(y)?
17
Suppose 5*n - 4*s = 33, -5*n = 5*s - 0*s - 15. Let a(l) = -49*l + 383*l + 7 - 329*l - l**2. Give a(n).
7
Let c(a) = -17*a**2 - 5*a - 1. Let w(g) = 13*g**2 + 6*g + 2. Let d(b) = -3*c(b) - 4*w(b). Calculate d(-9).
-5
Suppose 2*m + 4*v = -4, 7*m = 3*m + 2*v + 2. Suppose q - 12*q + 77 = m. Let c(k) = 2*k - 16. Calculate c(q).
-2
Let q be (5/(-2) + 0)/((-44)/(-88)). Let n = -10 + 10. Let s(a) = 4 - 8*a - a**2 + a + n*a**2. Give s(q).
14
Let n(a) = -a**2 - 2*a + 4. Let t(c) = -c**2 - 23*c - 3. Let o be t(-22). Suppose 0 = -o*r - 32 + 70. Calculate n(r).
-4
Let v(a) = 11*a**2 - 4*a + 3. Let i be ((-4)/(-38))/((-41)/(-779)). Give v(i).
39
Let o(d) = 3*d**2 - 12*d - d**2 + d**2 - 74 + 32. Let x be o(6). Let q(u) = u**3 + 5*u**2 - u + 7. Give q(x).
-23
Let k(f) = -20*f + 6. Let l(p) = -3*p - 2. Let z(u) = 5*u + 2. Let v(w) = -6*l(w) - 5*z(w). Let m(i) = -6*k(i) + 17*v(i). Suppose 7*a = 2*a + 30. Give m(a).
4
Let v(k) = k**2 - 5*k + 3. Let l(a) = 4*a**3 - a**2 + 2. Suppose 8*s = 12*s - 4. Let x be l(s). Give v(x).
3
Let z(y) = -3 + 983*y + 3*y**2 - 1111*y - 53. Give z(43).
-13
Let u(m) = 6 + 29 - 36 + 100 + 21 + 15*m. Give u(-8).
0
Suppose 28 = 2*t - 3*l, 9*l = 8*l - 2. Let p(w) = -85 - w**2 - t*w + 33 + 40. Determine p(-9).
6
Let p(l) be the third derivative of -l**5/60 + l**4/4 - 11*l**3/6 + 217*l**2 + 3. Calculate p(6).
-11
Let c be 2583/369*(20/(-7))/(-5). Let d(v) = 5*v**2 - 2*v + 1. Let l(w) = w**2 + w + 1. Let p(b) = -d(b) + 3*l(b). Give p(c).
-10
Suppose 5*i = -p + 36, 5*p = -2*i - 47 + 66. Let n(t) = -73*t**2 - t - 1. Calculate n(p).
-75
Let n(f) be the third derivative of -f**5/60 - 5*f**4/12 - 5*f**3/3 + 13*f**2 + 3. Determine n(-7).
11
Let t(s) = 23*s**2 + 14*s + 1. Let w(q) = -73*q**2 - 45*q - 3. Let o(m) = -19*t(m) - 6*w(m). Give o(1).
4
Let j(z) = -4*z - 36. Suppose 0 = 2*t + 2*s + 36, 2*s + 9 + 97 = -7*t. What is j(t)?
20
Suppose 3*b - 15*b + 216 = 0. Let h = b - 16. Let m(i) = -i**2 - 3*i + 2. Calculate m(h).
-8
Let x(s) be the second derivative of -s**5/20 - s**4/3 + 7*s**3/3 - 2*s**2 + 2385*s. Calculate x(-6).
-16
Let r be -2 - ((-18)/30 + 6/(-15)). Let t(s) = -2*s**2 - 4. Let i(g) = -3*g**2 + 2*g - 7. Let l(w) = i(w) - 2*t(w). Give l(r).
0
Let s(f) = f - 6. Let m be s(15). Let y be ((-10)/4)/(m/(-18)). Let l(q) = -4 + y + 3 + 6*q. Determine l(-4).
-20
Let n(a) = a - 3. Let l = -25 + 41. Suppose 7*p - 11*p = -l. Suppose -t = p*t - 15. What is n(t)?
0
Let s(a) = -25*a**3 + 40*a**2 + 24*a - 938. Let p(j) = -3*j**3 + 5*j**2 + 3*j - 111. Let i(h) = -17*p(h) + 2*s(h). Calculate i(7).
88
Suppose -19*m - 11 = 122. Let t(u) be the first derivative of -3*u**2/2 + 7*u + 8. Calculate t(m).
28
Let z(k) be the second derivative of -k**5/20 - 7*k**4/12 + 3*k**3 + 11*k**2 + 7*k + 10. Determine z(-9).
22
Let g be ((-4)/14)/(-6 + (-747)/(-126)). Suppose 36 = 2*r - g*k, 4*r - k + 31 = 6*r. Let x(d) = -d**3 + 16*d**2 - d + 8. Give x(r).
-8
Let q = 7583 - 7584. Let h(p) = 102*p**3 + 1. Calculate h(q).
-101
Let j = 57 + -36. Let q be 7*(4 + (-72)/j). Let g(b) = 71 + q*b - 71. What is g(1)?
4
Suppose n = 85 - 81. Suppose 0 = 5*b + n*q + 3, -b - 24*q - 1 = -23*q. Let r(w) = 2*w**3 + 1. W